ase 6?
15245
Convert 36 (base 8) to base 12.
26
-20322 (base 4) to base 7
-1443
What is -5508 (base 15) in base 9?
-26628
Convert 2993 (base 10) to base 14.
113b
Convert -1121100110 (base 3) to base 15.
-956c
-20488 (base 9) to base 13
-6206
212001121 (base 3) to base 4
10012222
-799 (base 15) to base 9
-2320
Convert 11011011110000 (base 2) to base 14.
51a8
-172 (base 13) to base 15
-127
Convert -8 (base 13) to base 12.
-8
What is 133514 (base 9) in base 4?
103312321
Convert 631 (base 12) to base 6.
4101
Convert -11011101001001 (base 2) to base 11.
-a6a7
Convert -22101200 (base 3) to base 8.
-13750
What is -4292 (base 10) in base 9?
-5788
4bc (base 15) to base 2
10000110101
-200001 (base 3) to base 10
-487
Convert -984 (base 13) to base 15.
-739
What is 337 (base 12) in base 11?
3a2
Convert -121200002 (base 3) to base 16.
-2f78
-23173 (base 9) to base 6
-155320
-33ac (base 14) to base 9
-13268
What is -4410 (base 8) in base 7?
-6512
Convert -3123 (base 11) to base 16.
-102b
What is -4020 (base 5) in base 13?
-303
What is 13236 (base 7) in base 16?
de3
Convert -20223323 (base 4) to base 5.
-2114304
What is 12120222 (base 3) in base 10?
4076
-6972 (base 11) to base 5
-243104
7084 (base 10) to base 2
1101110101100
What is 1235 (base 9) in base 8?
1633
-31044 (base 6) to base 11
-3117
Convert 42511 (base 8) to base 9.
26287
What is -15555 (base 6) in base 3?
-10112222
Convert -22330 (base 7) to base 15.
-1a21
-1001100010 (base 2) to base 7
-1531
What is -5666 (base 9) in base 5?
-113231
-1a1 (base 13) to base 11
-253
Convert -207 (base 11) to base 13.
-162
What is 121 (base 3) in base 11?
15
Convert 36a (base 15) to base 14.
3d5
What is 18c (base 15) in base 3?
111020
-576 (base 8) to base 15
-1a7
-3421 (base 5) to base 6
-2130
Convert 11655 (base 7) to base 4.
300012
22342 (base 7) to base 9
7684
Convert 288 (base 10) to base 14.
168
311142 (base 5) to base 14
39c8
-3943 (base 10) to base 4
-331213
What is 10423 (base 6) in base 12?
a13
-3894 (base 12) to base 15
-1d9d
What is -1132303 (base 4) in base 16?
-17b3
What is 11011110000 (base 2) in base 11?
1375
Convert -21002120 (base 4) to base 3.
-1212202222
-236 (base 13) to base 12
-27b
Convert -aa4 (base 12) to base 6.
-11124
Convert 20400 (base 6) to base 5.
41421
Convert -1102111200 (base 3) to base 6.
-333543
What is -3821 (base 11) in base 12?
-2a74
Convert 14240 (base 5) to base 7.
3325
-11000010 (base 3) to base 10
-2919
What is 38547 (base 12) in base 4?
102300013
1102000100 (base 3) to base 14
a155
What is 1348 (base 11) in base 5?
23441
4032 (base 10) to base 5
112112
13ac (base 15) to base 4
1001310
What is -19333 (base 10) in base 7?
-110236
Convert -762 (base 10) to base 16.
-2fa
What is 485 (base 10) in base 3?
122222
5326 (base 9) to base 15
125c
Convert -23300 (base 5) to base 15.
-785
Convert 211 (base 9) to base 12.
124
Convert -546 (base 7) to base 4.
-10113
Convert -a4 (base 12) to base 10.
-124
Convert 153 (base 6) to base 14.
4d
What is 213112 (base 4) in base 13?
11b9
10350 (base 6) to base 7
4116
What is -332 (base 4) in base 9?
-68
-5ca (base 16) to base 5
-21412
What is -112334 (base 9) in base 16?
-1070e
What is -1001000011111 (base 2) in base 12?
-2827
Convert 1253 (base 12) to base 16.
81f
What is -34533 (base 6) in base 9?
-6713
101000010000101 (base 2) to base 14
7725
Convert 2ca (base 15) to base 12.
454
Convert 140 (base 6) to base 16.
3c
-1234021 (base 5) to base 8
-57305
Convert -330301 (base 4) to base 7.
-14224
What is -6cb (base 16) in base 10?
-1739
Convert -101000001 (base 2) to base 3.
-102220
2554 (base 6) to base 4
22012
Convert -247 (base 11) to base 14.
-16d
Convert -317 (base 10) to base 6.
-1245
What is 111011101001 (base 2) in base 16?
ee9
-144a (base 13) to base 5
-43220
Convert 2430 (base 6) to base 4.
21102
11022112 (base 3) to base 7
12113
2a8b (base 12) to base 3
20212022
-137720 (base 8) to base 4
-23333100
67 (base 10) to base 7
124
-5703 (base 8) to base 14
-1151
940 (base 11) to base 8
2155
Convert 5264 (base 11) to base 10.
6967
What is -10110210 (base 3) in base 14?
-ccc
Convert -a9 (base 12) to base 13.
-9c
Convert -141142 (base 6) to base 12.
-77b2
What is -6b68 (base 12) in base 16?
-2f00
Convert 41204 (base 7) to base 16.
2741
803 (base 12) to base 5
14110
10523 (base 9) to base 5
210422
Convert 1411052 (base 6) to base 10.
79304
Convert -2301 (base 4) to base 14.
-c9
Convert -1235 (base 8) to base 7.
-1644
What is 110101010 (base 3) in base 5?
242041
Convert 134 (base 11) to base 9.
185
-435 (base 10) to base 3
-121010
-2e4 (base 15) to base 9
-817
What is 20312 (base 5) in base 12?
930
Convert -22202 (base 3) to base 8.
-354
Convert 22065 (base 11) to base 5.
2011030
51433 (base 6) to base 9
10363
-79 (base 10) to base 7
-142
Convert 6213 (base 8) to base 6.
22511
96a9 (base 11) to base 13
5ab6
What is -22 (base 14) in base 5?
-110
Convert 3233010 (base 4) to base 2.
11101111000100
-1873 (base 10) to base 3
-2120101
46229 (base 10) to base 5
2434404
Convert -10020101 (base 3) to base 16.
-937
1b6 (base 15) to base 8
614
3673 (base 12) to base 3
22102020
What is b772 (base 13) in base 10?
25443
Convert 12695 (base 11) to base 10.
18133
Convert -1b91b (base 12) to base 5.
-2303223
Convert 35403 (base 7) to base 3.
110111200
What is 215132 (base 6) in base 14?
67a8
Convert -1010011000 (base 2) to base 15.
-2e4
-12752 (base 8) to base 5
-134420
Convert 211101012 (base 3) to base 7.
65363
-32022 (base 4) to base 13
-549
What is -1020002 (base 3) in base 12?
-625
What is -68148 (base 9) in base 8?
-130413
Convert -115 (base 10) to base 16.
-73
What is 752 (base 12) in base 6?
4542
-341 (base 5) to base 16
-60
What is -2200010 (base 3) in base 16?
-79b
Convert 10102210 (base 3) to base 12.
1549
Convert -78b (base 14) to base 3.
-2001101
Convert 300100 (base 6) to base 5.
1221424
Convert -135 (base 16) to base 12.
-219
-101221211 (base 3) to base 10
-7987
Convert -1633 (base 7) to base 14.
-353
Convert 35020 (base 6) to base 4.
1031310
1012022001 (base 3) to base 10
23545
-44645 (base 9) to base 14
-ab67
23021 (base 5) to base 13
98b
What is 3e96 (base 16) in base 7?
64466
317 (base 9) to base 13
16c
Convert 54b8 (base 14) to base 4.
3211022
Convert -8616 (base 9) to base 4.
-1202331
What is -17566 (base 9) in base 16?
-2f61
What is 3653 (base 12) in base 2?
1011111011111
What is -274 (base 14) in base 10?
-494
Convert -2cc8 (base 13) to base 8.
-14672
Convert 1022220 (base 3) to base 5.
12334
What is -3001113 (base 5) in base 9?
-71458
8ea1 (base 16) to base 8
107241
Convert -144 (base 15) to base 6.
-1201
What is -28738 (base 10) in base 5?
-1404423
What is 54423 (base 6) in base 13?
3552
What is 2b6 (base 12) in base 6?
1550
What is -43262 (base 7) in base 3?
-112210002
12632 (base 12) to base 9
37372
What is 7a7 (base 11) in base 6?
4244
What is -1431033 (base 5) in base 6?
-351315
What is 7739 (base 13) in base 4?
10003202
-651 (base 10) to base 6
-3003
Convert 5171 (base 9) to base 7.
14023
-1a0 (base 12) to base 13
-174
Convert -b3a (base 14) to base 16.
-8a0
Convert -50654 (base 7) to base 5.
-343323
-3b7 (base 16) to base 13
-582
Convert 1113 (base 8) to base 7.
1466
435 (base 11) to base 5
4042
Convert -17 (base 15) to base 8.
-26
What is -87 (base 12) in base 16?
-67
3243 (base 5) to base 3
121121
100000111011 (base 2) to base 10
2107
264b (base 15) to base 11
6159
Convert 47b (base 14) to base 11.
742
What is 6336 (base 13) in base 15?
4109
What is -3e40 (base 16) in base 2?
-11111001000000
Convert 30443 (base 5) to base 8.
3716
Convert 45442 (base 7) to base 5.
332140
Convert 4b93 (base 15) to base 13.
7446
-a912 (base 12) to base 11
-12a70
-202012121 (base 3) to base 11
-10082
921 (base 11) to base 8
2130
What is -71486 (base 9) in base 5?
-3001213
What is -153 (base 13) in base 16?
-ed
-30331 (base 5) to base 16
-7ae
-35521 (base 8) to base 3
-202211102
What is -3403 (base 6) in base 12?
-563
What is -1323232 (base 4) in base 14?
-2c58
Convert 371 (base 9) to base 13.
1a8
Convert -1171 (base 12) to base 6.
-13021
1c56 (base 13) to base 9
5803
200212001 (base 3) to base 7
55033
What is -2655a (base 11) in base 4?
-21100302
Convert 131101 (base 4) to base 14.
97b
1148 (base 13) to base 12
14a2
What is -73 (base 14) in base